75491?
4
What is the hundreds digit of 35714526?
5
What is the units digit of 18594786?
6
What is the ten thousands digit of 227610202?
1
What is the hundred thousands digit of 55700434?
7
What is the ten millions digit of 71862656?
7
What is the millions digit of 1249583458?
9
What is the millions digit of 208777526?
8
What is the hundred thousands digit of 209289315?
2
What is the units digit of 1331534541?
1
What is the tens digit of 2861568971?
7
What is the hundred millions digit of 257740878?
2
What is the thousands digit of 57839366?
9
What is the hundred thousands digit of 127796548?
7
What is the ten thousands digit of 263032132?
3
What is the units digit of 165636423?
3
What is the thousands digit of 219228257?
8
What is the ten thousands digit of 267311926?
1
What is the hundred thousands digit of 32693461?
6
What is the hundred thousands digit of 43530620?
5
What is the ten millions digit of 904000748?
0
What is the hundred thousands digit of 67507221?
5
What is the ten millions digit of 43725735?
4
What is the ten millions digit of 4560102492?
6
What is the millions digit of 682705996?
2
What is the units digit of 614991280?
0
What is the billions digit of 5531583864?
5
What is the hundred thousands digit of 180137313?
1
What is the ten thousands digit of 139336046?
3
What is the thousands digit of 50844602?
4
What is the hundred thousands digit of 660455006?
4
What is the thousands digit of 21598121?
8
What is the billions digit of 1006230793?
1
What is the thousands digit of 557398116?
8
What is the hundred millions digit of 717393675?
7
What is the hundred thousands digit of 199198806?
1
What is the units digit of 179842308?
8
What is the tens digit of 121732058?
5
What is the millions digit of 53463169?
3
What is the hundred thousands digit of 443025927?
0
What is the millions digit of 317020972?
7
What is the ten thousands digit of 32508071?
0
What is the thousands digit of 265349278?
9
What is the ten thousands digit of 567207039?
0
What is the tens digit of 2337387865?
6
What is the ten millions digit of 4330690543?
3
What is the ten thousands digit of 15551606?
5
What is the units digit of 905912846?
6
What is the millions digit of 1660864385?
0
What is the thousands digit of 923853072?
3
What is the units digit of 1734809237?
7
What is the hundred thousands digit of 605734203?
7
What is the ten thousands digit of 703931620?
3
What is the ten millions digit of 80678821?
8
What is the hundred thousands digit of 1479285479?
2
What is the tens digit of 3960828262?
6
What is the units digit of 497559751?
1
What is the hundreds digit of 167407001?
0
What is the thousands digit of 2885701020?
1
What is the hundred millions digit of 857334934?
8
What is the ten thousands digit of 80316067?
1
What is the ten thousands digit of 12525982?
2
What is the hundreds digit of 504408766?
7
What is the ten millions digit of 671679735?
7
What is the billions digit of 1280151488?
1
What is the millions digit of 91931427?
1
What is the tens digit of 527615089?
8
What is the ten thousands digit of 66561156?
6
What is the ten millions digit of 917097770?
1
What is the hundred millions digit of 357033946?
3
What is the billions digit of 2845424605?
2
What is the hundred thousands digit of 227009460?
0
What is the hundreds digit of 1424050327?
3
What is the tens digit of 413465473?
7
What is the units digit of 52557692?
2
What is the units digit of 31027185?
5
What is the units digit of 27509261?
1
What is the millions digit of 66106511?
6
What is the ten thousands digit of 809009751?
0
What is the hundred millions digit of 544858157?
5
What is the ten millions digit of 106417911?
0
What is the units digit of 8150037902?
2
What is the hundred millions digit of 1972209352?
9
What is the ten millions digit of 248538092?
4
What is the ten millions digit of 426592616?
2
What is the units digit of 7583253082?
2
What is the tens digit of 1566489?
8
What is the thousands digit of 2485659233?
9
What is the hundred thousands digit of 113311682?
3
What is the ten millions digit of 89791282?
8
What is the hundreds digit of 441980617?
6
What is the ten thousands digit of 4236121658?
2
What is the units digit of 1261521092?
2
What is the units digit of 97998261?
1
What is the thousands digit of 770051857?
1
What is the millions digit of 54946850?
4
What is the thousands digit of 95116320?
6
What is the hundreds digit of 2301459739?
7
What is the units digit of 870640146?
6
What is the hundreds digit of 520878969?
9
What is the millions digit of 79633518?
9
What is the ten millions digit of 257983121?
5
What is the thousands digit of 20945959?
5
What is the units digit of 86142262?
2
What is the ten thousands digit of 164537774?
3
What is the hundred thousands digit of 430288399?
2
What is the ten thousands digit of 166684061?
8
What is the ten millions digit of 16439393?
1
What is the hundred thousands digit of 434569867?
5
What is the hundreds digit of 190586354?
3
What is the ten millions digit of 1047840233?
4
What is the tens digit of 3778121175?
7
What is the hundred millions digit of 886383582?
8
What is the billions digit of 1111064695?
1
What is the ten millions digit of 1665139020?
6
What is the units digit of 1121813320?
0
What is the hundred thousands digit of 572925011?
9
What is the ten thousands digit of 15286741?
8
What is the hundreds digit of 513025204?
2
What is the millions digit of 52526334?
2
What is the hundred millions digit of 1110846110?
1
What is the tens digit of 718122?
2
What is the hundreds digit of 190191458?
4
What is the tens digit of 766040597?
9
What is the ten thousands digit of 53064818?
6
What is the hundred millions digit of 2314464185?
3
What is the ten thousands digit of 364406707?
0
What is the hundred millions digit of 1859462213?
8
What is the millions digit of 92395957?
2
What is the ten thousands digit of 89128981?
2
What is the thousands digit of 2461366579?
6
What is the units digit of 251598138?
8
What is the tens digit of 1589677700?
0
What is the tens digit of 191637875?
7
What is the thousands digit of 136791648?
1
What is the tens digit of 71675590?
9
What is the hundred millions digit of 751796704?
7
What is the ten millions digit of 770669141?
7
What is the hundred millions digit of 2542942593?
5
What is the thousands digit of 89755581?
5
What is the ten thousands digit of 322199689?
9
What is the hundreds digit of 15923943?
9
What is the units digit of 237481052?
2
What is the thousands digit of 72319386?
9
What is the hundred thousands digit of 412038693?
0
What is the tens digit of 4683737591?
9
What is the units digit of 2908130370?
0
What is the thousands digit of 33963599?
3
What is the millions digit of 19698152?
9
What is the tens digit of 34313306?
0
What is the ten thousands digit of 3943329152?
2
What is the hundred thousands digit of 33999022?
9
What is the units digit of 38507143?
3
What is the thousands digit of 61996750?
6
What is the hundred thousands digit of 954549244?
5
What is the units digit of 1478105760?
0
What is the units digit of 719878426?
6
What is the tens digit of 1941048928?
2
What is the ten thousands digit of 1020517436?
1
What is the hundreds digit of 5127283?
2
What is the hundred thousands digit of 3070667448?
6
What is the units digit of 603439957?
7
What is the millions digit of 275490599?
5
What is the ten thousands digit of 202232058?
3
What is the hundred thousands digit of 158009141?
0
What is the hundreds digit of 17188371?
3
What is the hundred millions digit of 1894269529?
8
What is the thousands digit of 33690196?
0
What is the units digit of 22084375?
5
What is the tens digit of 26036982?
8
What is the hundred thousands digit of 5577319?
5
What is the thousands digit of 7067862?
7
What is the ten thousands digit of 4904909568?
0
What is the hundreds digit of 216167432?
4
What is the tens digit of 67765534?
3
What is the ten thousands digit of 121277454?
7
What is the hundred thousands digit of 560647323?
6
What is the hundred thousands digit of 184592648?
5
What is the tens digit of 662459813?
1
What is the hundreds digit of 40703188?
1
What is the units digit of 71598002?
2
What is the units digit of 370379409?
9
What is the thousands digit of 618835733?